 + 227 = -3*q. Suppose 224 = 24*y + 32. Calculate the greatest common divisor of q and y.
8
Suppose 4*s - 6 = 10. Let v be (9/(-4))/((-1)/s). Let m be 3*(-2 - -1 - -3). Calculate the highest common factor of v and m.
3
Let w = 65 + -22. Let z = 60 - w. Calculate the highest common factor of z and 136.
17
Let b = 49 - -3. What is the greatest common divisor of 130 and b?
26
Suppose 0 = 3*a + 2*g - 2 - 3, 10 = 3*a + g. What is the greatest common factor of a and 25?
5
Let p = 494 + -328. Suppose 99 = 2*s + 3*f, 4*s = s - f + p. Let i = 33 + -14. What is the highest common factor of s and i?
19
Suppose -j - 72 = 2*j. Let o be 2/(-12) - 412/j. What is the highest common divisor of o and 34?
17
Suppose -4*z + 4*q + 64 = 0, -5*z + 8*z + 5*q - 40 = 0. What is the highest common divisor of 345 and z?
15
Let c(u) = 4*u + 8. Let p be c(22). Calculate the greatest common divisor of p and 12.
12
Suppose 4*y + 8 = -4*s, -3*y = 2*s + 6 + 3. Suppose 4*o + 1 = -35. Let n be 10/(-3)*o/2. What is the highest common factor of n and s?
3
Suppose 4*j + 4*m = 200, 2*j = -3*j - 3*m + 254. Suppose 4*s - j = 620. Calculate the greatest common factor of s and 21.
21
Let n = -57 - -60. What is the greatest common factor of n and 3?
3
Suppose -4*p + 196 = 4*g, 2*p - 7*p = -2*g - 217. Suppose h = -2*f - 0 + 29, -4*f + 21 = h. Let m = h + -7. What is the greatest common factor of p and m?
15
Suppose 4*j - 5*n + n - 160 = 0, 4*j - 3*n = 156. Calculate the greatest common divisor of j and 9.
9
Suppose 0 = -14*a + 30*a - 5568. Calculate the highest common factor of 12 and a.
12
Suppose -2*k = -5*t - 23, 3*t + 5 + 4 = 0. Let u(c) = 13*c - 10. Let f be u(-6). Let x = -52 - f. What is the greatest common factor of k and x?
4
Let u(t) = 3*t**2 + t - 18. Let m be u(-9). Calculate the greatest common factor of m and 27.
27
Let n = -13 - -8. Let s be -4 - n - (-1 + 3). Let r be ((28 + -3)*s)/(-1). What is the highest common factor of 25 and r?
25
Suppose -o = -3*o - 20. Let y = 24 + o. What is the highest common divisor of y and 28?
14
Let x be (-6 - -31) + (-6)/2. What is the highest common factor of 55 and x?
11
Let f(c) = c**2 - 2*c + 70. Let a be f(0). Calculate the greatest common divisor of 14 and a.
14
Let f(o) = 20*o + 4. Let q be f(7). Let r = q + -72. What is the highest common divisor of 8 and r?
8
Suppose 19 + 15 = -f. Let c = -13 - f. Calculate the highest common factor of c and 14.
7
Let w = 45 - 0. Let n = -31 + w. Let p = 207 - 123. Calculate the greatest common factor of n and p.
14
Let y(o) = -6*o + 9. Let h be y(-12). Calculate the greatest common divisor of 9 and h.
9
Let p(t) = -t - 1. Let x be p(-6). Suppose 5*r = -3*i + 4*i - 20, -3*i + x*r = -50. Calculate the highest common divisor of i and 75.
15
Let a be 102/27 - 4 - (-3730)/18. Let r(o) = o**3 - o**2 + 23. Let b be r(0). What is the greatest common divisor of b and a?
23
Suppose -2*q - q = -3*g - 546, -348 = -2*q - 2*g. Let x = q + -65. Suppose 5*s - x = 132. What is the highest common divisor of s and 7?
7
Suppose 0 = -15*x + 13*x + 6. Suppose -5*j + 13 = x*t - 50, 0 = -5*t + 5. Calculate the highest common divisor of 60 and j.
12
Let t be (4/(-5))/(2/(-15)). Suppose -5*a + 47 + 238 = 5*j, -3*j + 174 = 4*a. What is the highest common factor of t and j?
6
Suppose 5*w + 260 - 1070 = 0. What is the highest common factor of 27 and w?
27
Suppose 3*b = 3*a + 219, -2*b + a = 5*a - 146. Let y = 81 + b. Calculate the highest common factor of y and 14.
14
Let n(c) = 6*c**2 - 5*c - 1. Let d = 47 + -32. Suppose 2*r - 24 = -5*s, 15 = 5*s + 5*r - d. Let y be n(s). What is the greatest common divisor of 15 and y?
15
Suppose 3*v + 15 = 3*c, 3*v = -3*c - 0*v - 3. Suppose c*g - 180 = -2*g. Suppose f + 10 = 3*f. What is the highest common divisor of g and f?
5
Suppose -14 + 2 = -4*s. Calculate the highest common divisor of s and 15.
3
Let b(a) = 13*a - 7. Let o be b(7). Let r(p) = 3*p + 24. Let l be r(-4). What is the greatest common factor of o and l?
12
Let n(j) be the first derivative of j**3/3 + 3*j**2/2 - j + 5. Let r be n(3). Suppose b = -0*b + 119. Calculate the greatest common divisor of b and r.
17
Let a = -11 - -18. Let r(x) = -x**3 - 3*x - 1. Let f be ((-2)/(-4) + -2)*2. Let d be r(f). Calculate the highest common divisor of d and a.
7
Let r = 14 - 28. Let h = -13 - r. What is the highest common divisor of h and 11?
1
Suppose 3*m + k - 23 = -9, 0 = 4*m + 4*k - 8. Suppose m*z + 22 = 7*z. Let a be 312/14 + (-4)/14. Calculate the greatest common divisor of a and z.
22
Suppose -2*i + 7*i - 50 = 0. Suppose -p - 4*p = -i. Calculate the greatest common factor of 14 and p.
2
Let g be (-2)/((8/12)/(-1)). What is the highest common factor of g and 27?
3
Suppose -3*h + 0*m = -3*m - 108, 4*m = -3*h + 108. Let u(i) = 7*i**2 + 2*i. Let l be u(-2). Calculate the highest common factor of l and h.
12
Let n(f) be the second derivative of f**4/3 + 3*f**3/2 + 9*f**2/2 - f. Suppose 5*y - 7 + 37 = 0. Let j be n(y). What is the greatest common factor of j and 9?
9
Let d = 6 + -3. Let o be (d + 0 - 16)*-1. Suppose -41 = -4*u - 5*z, 3*u = 5*u + 5*z - o. What is the greatest common factor of u and 2?
2
Suppose -3*v - v = -160. Let s be -1 - -8 - 4/2. Suppose w = s*w - v. Calculate the highest common factor of 4 and w.
2
Let z be (-2 - 1*-3)*55. Let k = 32 - z. Let o = k - -53. What is the greatest common factor of o and 12?
6
Let d(h) = h + 2. Suppose -4*o = -8*o. Suppose o*c - 10 = -5*c. Let p be d(c). Calculate the highest common factor of p and 28.
4
Let k be (-1 + (3 - 3))*-1. Let i be 2/(-7) - (-16)/7. Suppose 4*g = 10 + i. What is the greatest common divisor of k and g?
1
Let u = -1 - -4. Let p = 4 + -10. Let d be p/9 - 74/(-3). Calculate the greatest common factor of u and d.
3
Let r = -13 + 17. Let f = 8 + -6. Calculate the greatest common divisor of f and r.
2
Let s(w) = 13*w**2 - 2*w + 1. Let g be s(1). Suppose z + 25 = -4*f, 5*f + 12 + 26 = z. Let x = f + 13. What is the greatest common factor of g and x?
6
Suppose 0*f - 18 = -3*f. Let l = -3 + f. Let i be 16 + (-1 - (-2 + l)). What is the greatest common factor of i and 2?
2
Let l be 3 - 2/(6/(-225)). Suppose -4*c = 26 - l. Calculate the greatest common divisor of 13 and c.
13
Suppose -5*l = -47 - 73. What is the highest common factor of l and 36?
12
Suppose -y = -1 - 7. Let i = y + -6. Suppose j = 3*z - 45, -2*j = -i*z + 2*j + 20. What is the greatest common factor of 40 and z?
8
Suppose -86 = 2*m - 92. Let p(i) = -3*i + 72. Let h(b) = -b + 24. Let x(n) = -8*h(n) + 3*p(n). Let d be x(0). What is the greatest common divisor of m and d?
3
Let f(r) = r**3 - 3*r**2 - 2*r + 6. Let q be f(4). What is the highest common factor of 112 and q?
14
Suppose 4*u - 2*u + 5*n - 395 = 0, -5*u + 4*n = -1070. Calculate the highest common divisor of 30 and u.
30
Let f(a) = -a**3 - 6*a**2 + 11*a + 7. Let t be f(-8). Calculate the highest common factor of 329 and t.
47
Let b be -5*(-1)/((-5)/4). Let a(x) = -x**3 + x**2 + 4. Let g be a(b). Calculate the highest common factor of 12 and g.
12
Suppose 4*o + 57 - 382 = -q, 0 = 3*o + 4*q - 247. Let w be ((-10)/(-6))/((-1)/o). Let f = 190 + w. What is the highest common divisor of 11 and f?
11
Suppose -3*l + 612 = 3*l. Calculate the highest common divisor of 34 and l.
34
Let v(n) be the first derivative of n**2/2 + 11*n - 1. Let t be v(-9). Suppose t*d = 106 + 268. Calculate the highest common divisor of 17 and d.
17
Suppose 4*y = 59 + 53. Suppose 0 = -5*n + r + 37, -n + 12 = -r + 3. Calculate the highest common divisor of y and n.
7
Let w(j) = -j**3 + j + 12. Let v be w(0). Let d = 161 + -110. Suppose -2*k = -117 - d. Calculate the greatest common divisor of v and k.
12
Suppose 6 - 31 = -5*f. Suppose 4*h = 7*h - 165. Calculate the highest common factor of f and h.
5
Let h(j) = j**2 - 8*j. Let p be h(8). Let r = p - -3. Suppose 0 - 48 = -r*o. Calculate the highest common divisor of o and 40.
8
Let s be -33*(8/3 + -4 + 1). Calculate the greatest common factor of 473 and s.
11
Suppose 4*c = 149 + 75. Suppose d - 72 = -3*j, d + j = 2*j + c. Calculate the highest common divisor of 20 and d.
20
Suppose -11 = -2*j + 13. What is the greatest common divisor of j and 84?
12
Let y be (0 - -129)*(5 + -6)*-1. What is the highest common factor of 86 and y?
43
L